[INFO] cloning repository https://github.com/Adamanr/AgentRust
[INFO] running `Command { std: "git" "-c" "credential.helper=" "-c" "credential.helper=/workspace/cargo-home/bin/git-credential-null" "clone" "--bare" "https://github.com/Adamanr/AgentRust" "/workspace/cache/git-repos/https%3A%2F%2Fgithub.com%2FAdamanr%2FAgentRust", kill_on_drop: false }`
[INFO] [stderr] Cloning into bare repository '/workspace/cache/git-repos/https%3A%2F%2Fgithub.com%2FAdamanr%2FAgentRust'...
[INFO] running `Command { std: "git" "rev-parse" "HEAD", kill_on_drop: false }`
[INFO] [stdout] 8ee0283f3164b9a5b1f7a2188dfee794dd7aa00a
[INFO] checking Adamanr/AgentRust against master#e6e4f7ed1589e03bc2f6c5931c1a72e7947e8682 for beta-170-4
[INFO] running `Command { std: "git" "clone" "/workspace/cache/git-repos/https%3A%2F%2Fgithub.com%2FAdamanr%2FAgentRust" "/workspace/builds/worker-5-tc2/source", kill_on_drop: false }`
[INFO] [stderr] Cloning into '/workspace/builds/worker-5-tc2/source'...
[INFO] [stderr] done.
[INFO] validating manifest of git repo https://github.com/Adamanr/AgentRust on toolchain e6e4f7ed1589e03bc2f6c5931c1a72e7947e8682
[INFO] running `Command { std: CARGO_HOME="/workspace/cargo-home" RUSTUP_HOME="/workspace/rustup-home" "/workspace/cargo-home/bin/cargo" "+e6e4f7ed1589e03bc2f6c5931c1a72e7947e8682" "metadata" "--manifest-path" "Cargo.toml" "--no-deps", kill_on_drop: false }`
[INFO] started tweaking git repo https://github.com/Adamanr/AgentRust
[INFO] finished tweaking git repo https://github.com/Adamanr/AgentRust
[INFO] tweaked toml for git repo https://github.com/Adamanr/AgentRust written to /workspace/builds/worker-5-tc2/source/Cargo.toml
[INFO] crate git repo https://github.com/Adamanr/AgentRust already has a lockfile, it will not be regenerated
[INFO] running `Command { std: CARGO_HOME="/workspace/cargo-home" RUSTUP_HOME="/workspace/rustup-home" "/workspace/cargo-home/bin/cargo" "+e6e4f7ed1589e03bc2f6c5931c1a72e7947e8682" "fetch" "--manifest-path" "Cargo.toml", kill_on_drop: false }`
[INFO] [stderr]     Updating crates.io index
[INFO] [stderr]     Blocking waiting for file lock on package cache
[INFO] running `Command { std: "docker" "create" "-v" "/var/lib/crater-agent-workspace/builds/worker-5-tc2/target:/opt/rustwide/target:rw,Z" "-v" "/var/lib/crater-agent-workspace/builds/worker-5-tc2/source:/opt/rustwide/workdir:ro,Z" "-v" "/var/lib/crater-agent-workspace/cargo-home:/opt/rustwide/cargo-home:ro,Z" "-v" "/var/lib/crater-agent-workspace/rustup-home:/opt/rustwide/rustup-home:ro,Z" "-e" "SOURCE_DIR=/opt/rustwide/workdir" "-e" "CARGO_TARGET_DIR=/opt/rustwide/target" "-e" "CARGO_HOME=/opt/rustwide/cargo-home" "-e" "RUSTUP_HOME=/opt/rustwide/rustup-home" "-w" "/opt/rustwide/workdir" "-m" "1610612736" "--user" "0:0" "--network" "none" "ghcr.io/rust-lang/crates-build-env/linux@sha256:19e73879b68f455e41552ea35293514db52ea292d993f571636dbffedb77a1ee" "/opt/rustwide/cargo-home/bin/cargo" "+e6e4f7ed1589e03bc2f6c5931c1a72e7947e8682" "metadata" "--no-deps" "--format-version=1", kill_on_drop: false }`
[INFO] [stdout] 509b7e40531c9f00392277c6dfd0e7ce8837bbd4b70d6e14ce3d5bdb43ba35ba
[INFO] running `Command { std: "docker" "start" "-a" "509b7e40531c9f00392277c6dfd0e7ce8837bbd4b70d6e14ce3d5bdb43ba35ba", kill_on_drop: false }`
[INFO] running `Command { std: "docker" "inspect" "509b7e40531c9f00392277c6dfd0e7ce8837bbd4b70d6e14ce3d5bdb43ba35ba", kill_on_drop: false }`
[INFO] running `Command { std: "docker" "rm" "-f" "509b7e40531c9f00392277c6dfd0e7ce8837bbd4b70d6e14ce3d5bdb43ba35ba", kill_on_drop: false }`
[INFO] [stdout] 509b7e40531c9f00392277c6dfd0e7ce8837bbd4b70d6e14ce3d5bdb43ba35ba
[INFO] running `Command { std: "docker" "create" "-v" "/var/lib/crater-agent-workspace/builds/worker-5-tc2/target:/opt/rustwide/target:rw,Z" "-v" "/var/lib/crater-agent-workspace/builds/worker-5-tc2/source:/opt/rustwide/workdir:ro,Z" "-v" "/var/lib/crater-agent-workspace/cargo-home:/opt/rustwide/cargo-home:ro,Z" "-v" "/var/lib/crater-agent-workspace/rustup-home:/opt/rustwide/rustup-home:ro,Z" "-e" "SOURCE_DIR=/opt/rustwide/workdir" "-e" "CARGO_TARGET_DIR=/opt/rustwide/target" "-e" "CARGO_INCREMENTAL=0" "-e" "RUST_BACKTRACE=full" "-e" "RUSTFLAGS=--cap-lints=forbid" "-e" "RUSTDOCFLAGS=--cap-lints=forbid" "-e" "CARGO_HOME=/opt/rustwide/cargo-home" "-e" "RUSTUP_HOME=/opt/rustwide/rustup-home" "-w" "/opt/rustwide/workdir" "-m" "1610612736" "--user" "0:0" "--network" "none" "ghcr.io/rust-lang/crates-build-env/linux@sha256:19e73879b68f455e41552ea35293514db52ea292d993f571636dbffedb77a1ee" "/opt/rustwide/cargo-home/bin/cargo" "+e6e4f7ed1589e03bc2f6c5931c1a72e7947e8682" "check" "--frozen" "--all" "--all-targets" "--message-format=json", kill_on_drop: false }`
[INFO] [stdout] ab6812e091d812a3945d17719829f0b1917fb441c5c09449681a81e752a2f1e0
[INFO] running `Command { std: "docker" "start" "-a" "ab6812e091d812a3945d17719829f0b1917fb441c5c09449681a81e752a2f1e0", kill_on_drop: false }`
[INFO] [stderr]    Compiling libc v0.2.144
[INFO] [stderr]    Compiling proc-macro2 v1.0.59
[INFO] [stderr]    Compiling quote v1.0.28
[INFO] [stderr]    Compiling unicode-ident v1.0.9
[INFO] [stderr]    Compiling autocfg v1.1.0
[INFO] [stderr]    Compiling parking_lot_core v0.9.7
[INFO] [stderr]    Compiling futures-core v0.3.28
[INFO] [stderr]    Compiling pkg-config v0.3.27
[INFO] [stderr]    Compiling cc v1.0.79
[INFO] [stderr]    Compiling log v0.4.18
[INFO] [stderr]     Checking cfg-if v1.0.0
[INFO] [stderr]    Compiling futures-task v0.3.28
[INFO] [stderr]    Compiling futures-util v0.3.28
[INFO] [stderr]    Compiling lock_api v0.4.9
[INFO] [stderr]    Compiling tokio v1.28.2
[INFO] [stderr]    Compiling slab v0.4.8
[INFO] [stderr]    Compiling indexmap v1.9.3
[INFO] [stderr]    Compiling openssl v0.10.53
[INFO] [stderr]     Checking pin-project-lite v0.2.9
[INFO] [stderr]     Checking once_cell v1.17.2
[INFO] [stderr]     Checking scopeguard v1.1.0
[INFO] [stderr]    Compiling syn v2.0.18
[INFO] [stderr]     Checking bytes v1.4.0
[INFO] [stderr]    Compiling openssl-sys v0.9.88
[INFO] [stderr]    Compiling serde v1.0.163
[INFO] [stderr]     Checking smallvec v1.10.0
[INFO] [stderr]    Compiling httparse v1.8.0
[INFO] [stderr]    Compiling futures-channel v0.3.28
[INFO] [stderr]    Compiling native-tls v0.2.11
[INFO] [stderr]     Checking num_cpus v1.15.0
[INFO] [stderr]     Checking signal-hook-registry v1.4.1
[INFO] [stderr]     Checking mio v0.8.8
[INFO] [stderr]     Checking socket2 v0.4.9
[INFO] [stderr]     Checking parking_lot v0.12.1
[INFO] [stderr]     Checking itoa v1.0.6
[INFO] [stderr]     Checking bitflags v1.3.2
[INFO] [stderr]     Checking tracing-core v0.1.31
[INFO] [stderr]     Checking foreign-types-shared v0.1.1
[INFO] [stderr]     Checking fnv v1.0.7
[INFO] [stderr]    Compiling serde_json v1.0.96
[INFO] [stderr]     Checking foreign-types v0.3.2
[INFO] [stderr]     Checking http v0.2.9
[INFO] [stderr]     Checking tracing v0.1.37
[INFO] [stderr]     Checking futures-sink v0.3.28
[INFO] [stderr]     Checking tinyvec_macros v0.1.1
[INFO] [stderr]     Checking hashbrown v0.12.3
[INFO] [stderr]     Checking pin-utils v0.1.0
[INFO] [stderr]     Checking tinyvec v1.6.0
[INFO] [stderr]     Checking try-lock v0.2.4
[INFO] [stderr]     Checking percent-encoding v2.2.0
[INFO] [stderr]     Checking openssl-probe v0.1.5
[INFO] [stderr]     Checking form_urlencoded v1.1.0
[INFO] [stderr]     Checking want v0.3.0
[INFO] [stderr]     Checking http-body v0.4.5
[INFO] [stderr]     Checking unicode-normalization v0.1.22
[INFO] [stderr]     Checking tower-service v0.3.2
[INFO] [stderr]     Checking unicode-bidi v0.3.13
[INFO] [stderr]     Checking ryu v1.0.13
[INFO] [stderr]     Checking httpdate v1.0.2
[INFO] [stderr]     Checking idna v0.3.0
[INFO] [stderr]     Checking nix v0.24.3
[INFO] [stderr]     Checking encoding_rs v0.8.32
[INFO] [stderr]     Checking mime v0.3.17
[INFO] [stderr]     Checking ipnet v2.7.2
[INFO] [stderr]     Checking base64 v0.21.2
[INFO] [stderr]     Checking url v2.3.1
[INFO] [stderr]    Compiling tokio-macros v2.1.0
[INFO] [stderr]    Compiling openssl-macros v0.1.1
[INFO] [stderr]    Compiling serde_derive v1.0.163
[INFO] [stderr]     Checking tokio-util v0.7.8
[INFO] [stderr]     Checking tokio-native-tls v0.3.1
[INFO] [stderr]     Checking tokio-tun v0.5.4
[INFO] [stderr]     Checking h2 v0.3.19
[INFO] [stderr]     Checking serde_urlencoded v0.7.1
[INFO] [stderr]     Checking hyper v0.14.26
[INFO] [stderr]     Checking hyper-tls v0.5.0
[INFO] [stderr]     Checking reqwest v0.11.18
[INFO] [stderr]     Checking rust_agent v0.1.0 (/opt/rustwide/workdir)
[INFO] [stdout] error[E0252]: the name `Ipv4Addr` is defined multiple times
[INFO] [stdout]  --> src/assets/assets.rs:9:9
[INFO] [stdout]   |
[INFO] [stdout] 2 |     use std::net::{IpAddr, Ipv4Addr};
[INFO] [stdout]   |                            -------- previous import of the type `Ipv4Addr` here
[INFO] [stdout] ...
[INFO] [stdout] 9 |     use std::net::Ipv4Addr;
[INFO] [stdout]   |         ^^^^^^^^^^^^^^^^^^ `Ipv4Addr` reimported here
[INFO] [stdout]   |
[INFO] [stdout]   = note: `Ipv4Addr` must be defined only once in the type namespace of this module
[INFO] [stdout] 
[INFO] [stdout] 
[INFO] [stdout] error[E0433]: failed to resolve: could not find `tun` in `assets`
[INFO] [stdout]  --> src/assets/assets.rs:6:24
[INFO] [stdout]   |
[INFO] [stdout] 6 |     use crate::assets::tun::tun::tun::create_tun;
[INFO] [stdout]   |                        ^^^ could not find `tun` in `assets`
[INFO] [stdout] 
[INFO] [stdout] 
[INFO] [stdout] error[E0433]: failed to resolve: could not find `netutil` in `common`
[INFO] [stdout]  --> src/assets/assets.rs:7:24
[INFO] [stdout]   |
[INFO] [stdout] 7 |     use crate::common::netutil::netutil::netutil::get_ipv4;
[INFO] [stdout]   |                        ^^^^^^^ could not find `netutil` in `common`
[INFO] [stdout] 
[INFO] [stdout] 
[INFO] [stdout] error[E0433]: failed to resolve: could not find `tcp` in `assets`
[INFO] [stdout]  --> src/main.rs:8:20
[INFO] [stdout]   |
[INFO] [stdout] 8 | use crate::assets::tcp::tcp_client::tcp_c::start_client;
[INFO] [stdout]   |                    ^^^ could not find `tcp` in `assets`
[INFO] [stdout] 
[INFO] [stdout] 
[INFO] [stdout] error[E0433]: failed to resolve: could not find `config` in `common`
[INFO] [stdout]  --> src/main.rs:9:20
[INFO] [stdout]   |
[INFO] [stdout] 9 | use crate::common::config::config::config::{Config, get_config};
[INFO] [stdout]   |                    ^^^^^^ could not find `config` in `common`
[INFO] [stdout] 
[INFO] [stdout] 
[INFO] [stdout] error[E0432]: unresolved import `crate::Config`
[INFO] [stdout]  --> src/assets/assets.rs:8:9
[INFO] [stdout]   |
[INFO] [stdout] 8 |     use crate::Config;
[INFO] [stdout]   |         ^^^^^^^^^^^^^
[INFO] [stdout] 
[INFO] [stdout] 
[INFO] [stdout] warning: unused import: `std::net::Ipv4Addr`
[INFO] [stdout]  --> src/assets/assets.rs:9:9
[INFO] [stdout]   |
[INFO] [stdout] 9 |     use std::net::Ipv4Addr;
[INFO] [stdout]   |         ^^^^^^^^^^^^^^^^^^
[INFO] [stdout]   |
[INFO] [stdout]   = note: `#[warn(unused_imports)]` on by default
[INFO] [stdout] 
[INFO] [stdout] 
[INFO] [stdout] error[E0252]: the name `Ipv4Addr` is defined multiple times
[INFO] [stdout]  --> src/assets/assets.rs:9:9
[INFO] [stdout]   |
[INFO] [stdout] 2 |     use std::net::{IpAddr, Ipv4Addr};
[INFO] [stdout]   |                            -------- previous import of the type `Ipv4Addr` here
[INFO] [stdout] ...
[INFO] [stdout] 9 |     use std::net::Ipv4Addr;
[INFO] [stdout]   |         ^^^^^^^^^^^^^^^^^^ `Ipv4Addr` reimported here
[INFO] [stdout]   |
[INFO] [stdout]   = note: `Ipv4Addr` must be defined only once in the type namespace of this module
[INFO] [stdout] 
[INFO] [stdout] 
[INFO] [stdout] error[E0433]: failed to resolve: could not find `tun` in `assets`
[INFO] [stdout]  --> src/assets/assets.rs:6:24
[INFO] [stdout]   |
[INFO] [stdout] 6 |     use crate::assets::tun::tun::tun::create_tun;
[INFO] [stdout]   |                        ^^^ could not find `tun` in `assets`
[INFO] [stdout] 
[INFO] [stdout] 
[INFO] [stdout] error[E0433]: failed to resolve: could not find `netutil` in `common`
[INFO] [stdout]  --> src/assets/assets.rs:7:24
[INFO] [stdout]   |
[INFO] [stdout] 7 |     use crate::common::netutil::netutil::netutil::get_ipv4;
[INFO] [stdout]   |                        ^^^^^^^ could not find `netutil` in `common`
[INFO] [stdout] 
[INFO] [stdout] 
[INFO] [stdout] error[E0433]: failed to resolve: could not find `tcp` in `assets`
[INFO] [stdout]  --> src/main.rs:8:20
[INFO] [stdout]   |
[INFO] [stdout] 8 | use crate::assets::tcp::tcp_client::tcp_c::start_client;
[INFO] [stdout]   |                    ^^^ could not find `tcp` in `assets`
[INFO] [stdout] 
[INFO] [stdout] 
[INFO] [stdout] error[E0433]: failed to resolve: could not find `config` in `common`
[INFO] [stdout]  --> src/main.rs:9:20
[INFO] [stdout]   |
[INFO] [stdout] 9 | use crate::common::config::config::config::{Config, get_config};
[INFO] [stdout]   |                    ^^^^^^ could not find `config` in `common`
[INFO] [stdout] 
[INFO] [stdout] 
[INFO] [stdout] error[E0432]: unresolved import `crate::Config`
[INFO] [stdout]  --> src/assets/assets.rs:8:9
[INFO] [stdout]   |
[INFO] [stdout] 8 |     use crate::Config;
[INFO] [stdout]   |         ^^^^^^^^^^^^^
[INFO] [stdout] 
[INFO] [stdout] 
[INFO] [stdout] warning: unused import: `std::net::Ipv4Addr`
[INFO] [stdout]  --> src/assets/assets.rs:9:9
[INFO] [stdout]   |
[INFO] [stdout] 9 |     use std::net::Ipv4Addr;
[INFO] [stdout]   |         ^^^^^^^^^^^^^^^^^^
[INFO] [stdout]   |
[INFO] [stdout]   = note: `#[warn(unused_imports)]` on by default
[INFO] [stdout] 
[INFO] [stdout] 
[INFO] [stdout] error: aborting due to 6 previous errors; 1 warning emitted
[INFO] [stdout] 
[INFO] [stdout] 
[INFO] [stdout] Some errors have detailed explanations: E0252, E0432, E0433.
[INFO] [stdout] 
[INFO] [stdout] For more information about an error, try `rustc --explain E0252`.
[INFO] [stdout] 
[INFO] [stderr] error: could not compile `rust_agent` (bin "rust_agent") due to 7 previous errors; 1 warning emitted
[INFO] [stderr] warning: build failed, waiting for other jobs to finish...
[INFO] [stdout] error: aborting due to 6 previous errors; 1 warning emitted
[INFO] [stdout] 
[INFO] [stdout] 
[INFO] [stdout] Some errors have detailed explanations: E0252, E0432, E0433.
[INFO] [stdout] 
[INFO] [stdout] For more information about an error, try `rustc --explain E0252`.
[INFO] [stdout] 
[INFO] [stderr] error: could not compile `rust_agent` (bin "rust_agent" test) due to 7 previous errors; 1 warning emitted
[INFO] running `Command { std: "docker" "inspect" "ab6812e091d812a3945d17719829f0b1917fb441c5c09449681a81e752a2f1e0", kill_on_drop: false }`
[INFO] running `Command { std: "docker" "rm" "-f" "ab6812e091d812a3945d17719829f0b1917fb441c5c09449681a81e752a2f1e0", kill_on_drop: false }`
[INFO] [stdout] ab6812e091d812a3945d17719829f0b1917fb441c5c09449681a81e752a2f1e0
